{"id":349,"date":"2021-07-20T18:17:05","date_gmt":"2021-07-20T16:17:05","guid":{"rendered":"https:\/\/aerodynamicstyperatings.com\/?page_id=349"},"modified":"2022-03-16T09:43:55","modified_gmt":"2022-03-16T08:43:55","slug":"politica-de-privacidad","status":"publish","type":"page","link":"https:\/\/aerodynamicstyperatings.com\/index.php\/politica-de-privacidad\/","title":{"rendered":"Pol\u00edtica de Privacidad"},"content":{"rendered":"\t\t<div data-elementor-type=\"wp-page\" data-elementor-id=\"349\" class=\"elementor elementor-349\" data-elementor-post-type=\"page\">\n\t\t\t\t\t\t<section class=\"elementor-section elementor-top-section elementor-element elementor-element-873c1f8 elementor-section-boxed elementor-section-height-default elementor-section-height-default\" data-id=\"873c1f8\" data-element_type=\"section\" data-e-type=\"section\" data-settings=\"{&quot;background_background&quot;:&quot;classic&quot;}\">\n\t\t\t\t\t\t<div class=\"elementor-container elementor-column-gap-default\">\n\t\t\t\t\t<div class=\"elementor-column elementor-col-100 elementor-top-column elementor-element elementor-element-e4a132c\" data-id=\"e4a132c\" data-element_type=\"column\" data-e-type=\"column\">\n\t\t\t<div class=\"elementor-widget-wrap elementor-element-populated\">\n\t\t\t\t\t\t<div class=\"elementor-element elementor-element-9be8ed2 elementor-widget elementor-widget-text-editor\" data-id=\"9be8ed2\" data-element_type=\"widget\" data-e-type=\"widget\" data-widget_type=\"text-editor.default\">\n\t\t\t\t<div class=\"elementor-widget-container\">\n\t\t\t\t\t\t\t\t\t<div>\n<div data-elementor-type=\"wp-page\" data-elementor-id=\"2180\" data-elementor-settings=\"[]\">\n<div>\n<section data-particle_enable=\"false\" data-particle-mobile-disabled=\"false\" data-id=\"7f27f911\" data-element_type=\"section\" data-settings=\"{\">\n<div>\n<div data-id=\"1599ff4e\" data-element_type=\"column\">\n<div>\n<div data-id=\"c64e3d4\" data-element_type=\"widget\" data-widget_type=\"text-editor.default\">\n<div>\n<h2>POL\u00cdTICA DE PRIVACIDAD<\/h2>\n<p>Aerodynamics Type Ratings te informa sobre su Pol\u00edtica de Privacidad respecto del tratamiento y protecci\u00f3n de los datos de car\u00e1cter personal de los usuarios y clientes que puedan ser recabados durante la navegaci\u00f3n, al comprar un producto o contratar un servicio a trav\u00e9s del sitio Web <a href=\"https:\/\/aerodynamicstyperatings.com\/\">https:\/\/aerodynamicstyperatings.com\/<\/a><\/p>\n<p>En este sentido, Aerodynamics Type Ratings garantiza el cumplimiento de la normativa vigente en materia de protecci\u00f3n de datos personales, reflejada en la Ley Org\u00e1nica 3\/2018, de 5 de diciembre, de Protecci\u00f3n de Datos Personales y de Garant\u00eda de Derechos Digitales (LOPD GDD). Cumple tambi\u00e9n con el Reglamento (UE) 2016\/679 del Parlamento Europeo y del Consejo de 27 de abril de 2016 relativo a la protecci\u00f3n de las personas f\u00edsicas (RGPD).<\/p>\n<p>El uso de sitio Web implica la aceptaci\u00f3n de esta Pol\u00edtica de Privacidad .<\/p>\n<h2>Identidad del responsable<\/h2>\n<ul>\n<li>Titular: Aerodynamics Type Ratings<\/li><li>NIF: B93506698<\/li><li>Domicilio: Parque Tecnoalimentario Costa del Sol \u2013 Parcela C-5.<br>Carretera de Benamargosa Km 0,6, El Trapiche<br>29719, V\u00e9lez-M\u00e1laga (M\u00e1laga)<\/li><li>Correo electr\u00f3nico:&nbsp;<a href=\"mailto:training@aerodynamicstyperatings.com\">training@aerodynamicstyperatings.com<\/a><\/li><li>Tel\u00e9fono de contacto:&nbsp;<a href=\"tel:+34610650910\">+34 610 65 09 10<\/a><\/li><li>Sitio Web:&nbsp;<a href=\"https:\/\/aerodynamicstyperatings.com\/\">www.aerodynamicstyperatings.com<\/a><\/li>\n<\/ul>\n<h2>Principios aplicados en el tratamiento de datos<\/h2>\n<p>En el tratamiento de tus datos personales, el Titular aplicar\u00e1 los siguientes principios que se ajustan a las exigencias del nuevo reglamento europeo de protecci\u00f3n de datos (RGPD):<\/p>\n<ul>\n<li><b>Principio de licitud, lealtad y transparencia:<\/b>&nbsp;El Titular siempre requerir\u00e1 el consentimiento para el tratamiento de los datos personales que puede ser para uno o varios fines espec\u00edficos sobre los que el Titular informar\u00e1 al Usuario previamente con absoluta transparencia.<\/li>\n<li><b>Principio de minimizaci\u00f3n de datos:<\/b>&nbsp;El Titular solicitar\u00e1 solo los datos estrictamente necesarios para el fin o los fines que los solicita.<\/li>\n<li><b>Principio de limitaci\u00f3n del plazo de conservaci\u00f3n:<\/b>&nbsp;El Titular mantendr\u00e1 los datos personales recabados durante el tiempo estrictamente necesario para el fin o los fines del tratamiento. El Titular informar\u00e1 al Usuario del plazo de conservaci\u00f3n correspondiente&nbsp;seg\u00fan la finalidad.<br>\nEn el caso de suscripciones, el Titular revisar\u00e1 peri\u00f3dicamente las listas y eliminar\u00e1 aquellos registros inactivos durante un tiempo considerable.<\/li>\n<li><b>Principio de integridad y confidencialidad:<\/b>&nbsp;Los datos personales recabados ser\u00e1n tratados de tal manera que su seguridad, confidencialidad e integridad est\u00e9 garantizada.<br>\nEl Titular toma las precauciones necesarias para evitar el acceso no autorizado o uso indebido de los datos de sus usuarios por parte de terceros.<\/li>\n<\/ul>\n<h2>Obtenci\u00f3n de datos personales<\/h2>\n<p>Para navegar por&nbsp;<a href=\"https:\/\/aerodynamicstyperatings.com\/\" style=\"background-color: rgb(244, 244, 244); color: rgb(0, 81, 119); outline: 0px;\">https:\/\/aerodynamicstyperatings.com\/<\/a>&nbsp;no es necesario que facilites ning\u00fan dato personal.<\/p>\n<h2>Derechos<\/h2>\n<p>El Titular te informa que sobre tus datos personales tienes derecho a:<\/p>\n<ul>\n<li>Solicitar el acceso a los datos almacenados.<\/li>\n<li>Solicitar una rectificaci\u00f3n o la cancelaci\u00f3n.<\/li>\n<li>Solicitar la limitaci\u00f3n de su tratamiento.<\/li>\n<li>Oponerte al tratamiento.<\/li>\n<\/ul>\n<p>No puedes ejercitar el derecho a la portabilidad de los datos.<\/p>\n<p>El ejercicio de estos derechos es personal y por tanto debe ser ejercido directamente por el interesado, solicit\u00e1ndolo directamente al Titular, lo que significa que cualquier cliente, suscriptor o colaborador que haya facilitado sus datos en alg\u00fan momento, puede dirigirse a Aerodynamics Type Ratings y pedir informaci\u00f3n sobre los datos que tiene almacenados y c\u00f3mo los ha obtenido, solicitar la rectificaci\u00f3n de los mismos, oponerse al tratamiento, limitar su uso o solicitar la cancelaci\u00f3n de esos datos en los ficheros del Titular.<\/p>\n<p>Para ejercitar tus derechos de acceso, rectificaci\u00f3n, cancelaci\u00f3n y oposici\u00f3n tienes que enviar un correo electr\u00f3nico a info@aerodynamics junto con la prueba v\u00e1lida en derecho como una fotocopia del D.N.I. o equivalente.<\/p>\n<p>Tienes derecho a la tutela judicial efectiva y a presentar una reclamaci\u00f3n ante la autoridad de control, en este caso, la Agencia Espa\u00f1ola de Protecci\u00f3n de Datos, si consideras que el tratamiento de datos personales que te conciernen infringe el Reglamento.<\/p>\n<h2>Finalidad del tratamiento de datos personales<\/h2>\n<p>Cuando te conectas al sitio Web para mandar un correo al Titular, te suscribes a su bolet\u00edn, compras un producto o realizas una contrataci\u00f3n est\u00e1s facilitando informaci\u00f3n de car\u00e1cter personal de la que el responsable es Aerodynamics Type Ratings. Esta informaci\u00f3n puede incluir datos de car\u00e1cter personal como pueden ser tu direcci\u00f3n IP, nombre y apellidos, direcci\u00f3n f\u00edsica, direcci\u00f3n de correo electr\u00f3nico, n\u00famero de tel\u00e9fono, y otra informaci\u00f3n. Al facilitar esta informaci\u00f3n, das tu consentimiento para que tu informaci\u00f3n sea recopilada, utilizada, gestionada y almacenada por \u2014 OVH \u2014<\/p>\n<p>Los datos personales y la finalidad del tratamiento por parte del Titular es diferente seg\u00fan el sistema de captura de informaci\u00f3n:<\/p>\n<ul>\n<li><b>Formularios de contrataci\u00f3n de productos o servicios:<\/b>&nbsp;El Titular solicita datos personales entre los que pueden estar: nombre y apellidos, documento de identidad (n\u00famero de identificaci\u00f3n fiscal, n\u00famero de identificaci\u00f3n de extranjero, pasaporte o permiso de residencia), direcci\u00f3n de correo electr\u00f3nico, direcci\u00f3n postal, n\u00famero de tel\u00e9fono y datos de pago (m\u00e9todos de pago o datos bancarios) con la finalidad de mantener una relaci\u00f3n comercial con el Usuario, realizar el env\u00edo de los pedidos, prestar los servicios contratados y para realizar la facturaci\u00f3n y el cobro de los productos o servicios contratados.<\/li>\n<\/ul>\n<p>Existen otras finalidades por las que el Titular trata datos personales:<\/p>\n<ul>\n<li>Para garantizar el cumplimiento de las condiciones recogidas en la ley aplicable. Esto puede incluir el desarrollo de herramientas y algoritmos que ayuden a este sitio Web a garantizar la confidencialidad de los datos personales que recoge.<\/li>\n<li>Para apoyar y mejorar los servicios que ofrece este sitio Web.<\/li>\n<\/ul>\n<h2>Seguridad de los datos personales<\/h2>\n<p>Para proteger tus datos personales, el Titular toma todas las precauciones razonables y sigue las mejores pr\u00e1cticas de la industria para evitar su p\u00e9rdida, mal uso, acceso indebido, divulgaci\u00f3n, alteraci\u00f3n o destrucci\u00f3n de los mismos.<\/p>\n<p>El sitio Web est\u00e1 alojado en OVH. La seguridad de los datos est\u00e1 garantizada, ya que toman todas las medidas de seguridad necesarias para ello. Puedes consultar su pol\u00edtica de privacidad para tener m\u00e1s informaci\u00f3n.<\/p>\n<h2>Contenido de otros sitios web<\/h2>\n<p>Las p\u00e1ginas de este sitio Web pueden incluir contenido incrustado (por ejemplo, v\u00eddeos, im\u00e1genes, art\u00edculos, etc.). El contenido incrustado de otras web se comporta exactamente de la misma manera que si hubieras visitado la otra web.<\/p>\n<p>Estos sitios Web pueden recopilar datos sobre ti, utilizar cookies, incrustar un c\u00f3digo de seguimiento adicional de terceros, y supervisar tu interacci\u00f3n usando este c\u00f3digo.<\/p>\n<h2>Pol\u00edtica de Cookies<\/h2>\n<p>Para que este sitio Web funcione correctamente necesita utilizar cookies, que es una informaci\u00f3n que se almacena en tu navegador web.<\/p>\n<h2>Legitimaci\u00f3n para el tratamiento de datos<\/h2>\n<p>La base legal para el tratamiento de tus datos es: el consentimiento.<\/p>\n<p>Para contactar con el Titular, suscribirte a un bolet\u00edn o realizar comentarios en este sitio Web tienes que aceptar la presente Pol\u00edtica de Privacidad.<\/p>\n<h2>Categor\u00edas de datos personales<\/h2>\n<p>Las categor\u00edas de datos personales que trata el Titular son:<\/p>\n<ul>\n<li>Datos identificativos.<\/li>\n<li>No se tratan categor\u00edas de datos especialmente protegidos.<\/li>\n<\/ul>\n<h2>Conservaci\u00f3n de datos personales<\/h2>\n<p>Los datos personales que proporciones al Titular se conservar\u00e1n hasta que solicites su supresi\u00f3n.<\/p>\n<div>\n<h2>Destinatarios de datos personales<\/h2>\n<ul>\n<li><b>Google Analytics<\/b>&nbsp;es un servicio de anal\u00edtica web prestado por Google, Inc., una compa\u00f1\u00eda de Delaware cuya oficina principal est\u00e1 en 1600 Amphitheatre Parkway, Mountain View (California), CA 94043, Estados Unidos (\u00abGoogle\u00bb).<br>\nGoogle Analytics utiliza \u00abcookies\u00bb, que son archivos de texto ubicados en tu ordenador, para ayudar al Titular a analizar el uso que hacen los Usuarios del sitio Web. La informaci\u00f3n que genera la cookie acerca del uso del sitio Web (incluyendo la direcci\u00f3n IP) ser\u00e1 directamente transmitida y archivada por Google en los servidores de Estados Unidos.<br>\nM\u00e1s informaci\u00f3n en:&nbsp;<a href=\"https:\/\/policies.google.com\/privacy?hl=es-ES\" target=\"_blank\" rel=\"nofollow noopener\">https:\/\/analytics.google.com<\/a><\/li>\n<\/ul>\n<\/div>\n<p>En la p\u00e1gina de&nbsp;<a href=\"https:\/\/policies.google.com\/privacy?hl=es\" target=\"_blank\" rel=\"nofollow noopener\">Pol\u00edtica de privacidad de Google<\/a>&nbsp;se explica c\u00f3mo Google gestiona la privacidad en lo que respecta al uso de las cookies y otra informaci\u00f3n.<\/p>\n<p>Tambi\u00e9n puedes ver una lista de los&nbsp;<a href=\"https:\/\/policies.google.com\/technologies\/types?hl=es\" target=\"_blank\" rel=\"nofollow noopener\">tipos de cookies<\/a>&nbsp;que utiliza Google y sus colaboradores y toda la informaci\u00f3n relativa al uso que hacen de las&nbsp;<a href=\"https:\/\/policies.google.com\/technologies\/ads?hl=es\" target=\"_blank\" rel=\"nofollow noopener\">cookies publicitarias<\/a>.<\/p>\n<h2>Navegaci\u00f3n Web<\/h2>\n<p>Al navegar por&nbsp;<a href=\"https:\/\/aerodynamicstyperatings.com\/\" style=\"background-color: rgb(244, 244, 244); color: rgb(0, 81, 119); outline: 0px;\">https:\/\/aerodynamicstyperatings.com\/<\/a>&nbsp;se pueden recoger datos no identificativos, que pueden incluir, la direcci\u00f3n IP, geolocalizaci\u00f3n, un registro de c\u00f3mo se utilizan los servicios y sitios, h\u00e1bitos de navegaci\u00f3n y otros datos que no pueden ser utilizados para identificarte.<\/p>\n<p>El sitio Web utiliza los siguientes servicios de an\u00e1lisis de terceros:<\/p>\n<ul>\n<li>Google Analytics.<\/li>\n<\/ul>\n<p>El Titular utiliza la informaci\u00f3n obtenida para obtener datos estad\u00edsticos, analizar tendencias, administrar el sitio, estudiar patrones de navegaci\u00f3n y para recopilar informaci\u00f3n demogr\u00e1fica.<\/p>\n<p>El Titular no se hace responsable del tratamiento de los datos personales que realicen las p\u00e1ginas web a las que puedas acceder a trav\u00e9s de los distintos enlaces que contiene el sitio Web.<\/p>\n<h2>Exactitud y veracidad de los datos personales<\/h2>\n<p>Te comprometes a que los datos facilitados al Titular sean correctos, completos, exactos y vigentes, as\u00ed como a mantenerlos debidamente actualizados.<\/p>\n<p>Como Usuario del sitio Web eres el \u00fanico responsable de la veracidad y correcci\u00f3n de los datos remitidos al sitio Web exonerando a Aerodynamics Type Ratings de cualquier responsabilidad al respecto.<\/p>\n<h2>Aceptaci\u00f3n y consentimiento<\/h2>\n<p>Como Usuario del sitio Web declaras haber sido informado de las condiciones sobre protecci\u00f3n de datos de car\u00e1cter personal, aceptas y consientes el tratamiento de los mismos por parte de Aerodynamics Type Ratings en la forma y para las finalidades indicadas en esta Pol\u00edtica de Privacidad.<\/p>\n<h2>Revocabilidad<\/h2>\n<p>Para ejercitar tus derechos de acceso, rectificaci\u00f3n, cancelaci\u00f3n y oposici\u00f3n tienes que enviar un correo electr\u00f3nico a training@aerodynamicstyperatings.com junto con la prueba v\u00e1lida en derecho como una fotocopia del D.N.I. o equivalente.<\/p>\n<p>El ejercicio de estos derechos no incluye ning\u00fan dato que Aerodynamics Type Ratings est\u00e9 obligado a conservar con fines administrativos, legales o de seguridad.<\/p>\n<h2>Cambios en la Pol\u00edtica de Privacidad<\/h2>\n<p>El Titular se reserva el derecho a modificar la presente Pol\u00edtica de Privacidad para adaptarla a novedades legislativas o jurisprudenciales, as\u00ed como a pr\u00e1cticas de la industria.<\/p>\n<p>Estas pol\u00edticas estar\u00e1n vigentes hasta que sean modificadas por otras debidamente publicadas.<\/p>\n<\/div>\n<\/div>\n<\/div>\n<\/div>\n<\/div>\n<\/section>\n<\/div>\n<\/div>\n<\/div>\t\t\t\t\t\t\t\t<\/div>\n\t\t\t\t<\/div>\n\t\t\t\t\t<\/div>\n\t\t<\/div>\n\t\t\t\t\t<\/div>\n\t\t<\/section>\n\t\t\t\t<\/div>\n\t\t","protected":false},"excerpt":{"rendered":"<p>POL\u00cdTICA DE PRIVACIDAD Aerodynamics Type Ratings te informa sobre su Pol\u00edtica de Privacidad respecto del tratamiento y protecci\u00f3n de los datos de car\u00e1cter personal de los usuarios y clientes que puedan ser recabados durante la navegaci\u00f3n, al comprar un producto o contratar un servicio a trav\u00e9s del sitio Web https:\/\/aerodynamicstyperatings.com\/ En este sentido, Aerodynamics Type &hellip; <\/p>\n<p class=\"link-more\"><a href=\"https:\/\/aerodynamicstyperatings.com\/index.php\/politica-de-privacidad\/\" class=\"more-link\">Seguir leyendo<span class=\"screen-reader-text\"> \u00abPol\u00edtica de Privacidad\u00bb<\/span><\/a><\/p>\n","protected":false},"author":1,"featured_media":0,"parent":0,"menu_order":0,"comment_status":"closed","ping_status":"closed","template":"elementor_header_footer","meta":{"_exactmetrics_skip_tracking":false,"_exactmetrics_sitenote_active":false,"_exactmetrics_sitenote_note":"","_exactmetrics_sitenote_category":0,"footnotes":""},"class_list":["post-349","page","type-page","status-publish","hentry","entry"],"_links":{"self":[{"href":"https:\/\/aerodynamicstyperatings.com\/index.php\/wp-json\/wp\/v2\/pages\/349","targetHints":{"allow":["GET"]}}],"collection":[{"href":"https:\/\/aerodynamicstyperatings.com\/index.php\/wp-json\/wp\/v2\/pages"}],"about":[{"href":"https:\/\/aerodynamicstyperatings.com\/index.php\/wp-json\/wp\/v2\/types\/page"}],"author":[{"embeddable":true,"href":"https:\/\/aerodynamicstyperatings.com\/index.php\/wp-json\/wp\/v2\/users\/1"}],"replies":[{"embeddable":true,"href":"https:\/\/aerodynamicstyperatings.com\/index.php\/wp-json\/wp\/v2\/comments?post=349"}],"version-history":[{"count":19,"href":"https:\/\/aerodynamicstyperatings.com\/index.php\/wp-json\/wp\/v2\/pages\/349\/revisions"}],"predecessor-version":[{"id":1051,"href":"https:\/\/aerodynamicstyperatings.com\/index.php\/wp-json\/wp\/v2\/pages\/349\/revisions\/1051"}],"wp:attachment":[{"href":"https:\/\/aerodynamicstyperatings.com\/index.php\/wp-json\/wp\/v2\/media?parent=349"}],"curies":[{"name":"wp","href":"https:\/\/api.w.org\/{rel}","templated":true}]}}